{"id":69,"date":"2023-12-21T17:50:44","date_gmt":"2023-12-21T17:50:44","guid":{"rendered":"https:\/\/www.space-2-work.de\/?page_id=69"},"modified":"2024-05-10T15:53:54","modified_gmt":"2024-05-10T15:53:54","slug":"ueber-uns","status":"publish","type":"page","link":"https:\/\/www.space-2-work.de\/?page_id=69","title":{"rendered":"\u00dcber mich"},"content":{"rendered":"\n<p class=\"has-text-align-center\">Ich bin Michaela Schunk, Tragwerksplanerin &#8211; dabei sorge ich daf\u00fcr, dass Geb\u00e4ude eine tragf\u00e4hige Struktur erhalten. <br>Ich bin Impulscoach &#8211; dabei unterst\u00fctze ich Menschen wieder in ihre Energie und Balance zu finden. <br>Und ich bin Inhaberin eines flexiblen Coworking-Space, und das kam so:<br>Nach Jahren der Selbstst\u00e4ndigkeit im Home-Office wollte ich eine Ver\u00e4nderung, eine andere Art zu arbeiten. <br>Meine Anspr\u00fcche an den idealen Arbeitsplatz sind vielf\u00e4ltig. Er soll genug Platz bieten und es soll m\u00f6glich sein, nicht nur darin zu arbeiten, sondern auch kleine Events und Meetings abzuhalten. <br>Multifunktional und freundlich, so w\u00fcnsche ich mir meine Arbeitsr\u00e4ume.<br>Ich will quirliges Leben in der Bude, den Austausch mit anderen, den kurzen Kaffeeplausch. <br>Die Idee eines Coworking-Space ist damit geboren. Kurzerhand beschloss ich, einfach selbst zu gestalten, was ich mir w\u00fcnsche. Ich mietete ein paar kleine, aber feine R\u00e4ume an und stattete sie so flexibel aus, dass sie auf vielerlei Weise nutzbar sind.<br>So entstand ein bunter und flexibler Ort, mit Leichtigkeit und Struktur zum arbeiten, gestalten und austauschen.<br><\/p>\n\n\n\n<p><\/p>\n","protected":false},"excerpt":{"rendered":"<p>Ich bin Michaela Schunk, Tragwerksplanerin &#8211; dabei sorge ich daf\u00fcr, dass Geb\u00e4ude eine tragf\u00e4hige Struktur erhalten. Ich bin Impulscoach &#8211; dabei unterst\u00fctze ich Menschen wieder in ihre Energie und Balance zu finden. Und ich bin Inhaberin eines flexiblen Coworking-Space, und das kam so:Nach Jahren der Selbstst\u00e4ndigkeit im Home-Office wollte ich eine Ver\u00e4nderung, eine andere Art &hellip; <\/p>\n<p class=\"link-more\"><a href=\"https:\/\/www.space-2-work.de\/?page_id=69\" class=\"more-link\"><span class=\"screen-reader-text\">\u201e\u00dcber mich\u201c<\/span> weiterlesen<\/a><\/p>\n","protected":false},"author":2,"featured_media":78,"parent":0,"menu_order":0,"comment_status":"closed","ping_status":"closed","template":"","meta":{"footnotes":""},"class_list":["post-69","page","type-page","status-publish","has-post-thumbnail","hentry"],"yoast_head":"<!-- This site is optimized with the Yoast SEO plugin v21.7 - https:\/\/yoast.com\/wordpress\/plugins\/seo\/ -->\n<title>\u00dcber mich - Space2Work<\/title>\n<meta name=\"robots\" content=\"index, follow, max-snippet:-1, max-image-preview:large, max-video-preview:-1\" \/>\n<link rel=\"canonical\" href=\"https:\/\/www.space-2-work.de\/?page_id=69\" \/>\n<meta property=\"og:locale\" content=\"de_DE\" \/>\n<meta property=\"og:type\" content=\"article\" \/>\n<meta property=\"og:title\" content=\"\u00dcber mich - Space2Work\" \/>\n<meta property=\"og:description\" content=\"Ich bin Michaela Schunk, Tragwerksplanerin &#8211; dabei sorge ich daf\u00fcr, dass Geb\u00e4ude eine tragf\u00e4hige Struktur erhalten. Ich bin Impulscoach &#8211; dabei unterst\u00fctze ich Menschen wieder in ihre Energie und Balance zu finden. Und ich bin Inhaberin eines flexiblen Coworking-Space, und das kam so:Nach Jahren der Selbstst\u00e4ndigkeit im Home-Office wollte ich eine Ver\u00e4nderung, eine andere Art &hellip; \u201e\u00dcber mich\u201c weiterlesen\" \/>\n<meta property=\"og:url\" content=\"https:\/\/www.space-2-work.de\/?page_id=69\" \/>\n<meta property=\"og:site_name\" content=\"Space2Work\" \/>\n<meta property=\"article:modified_time\" content=\"2024-05-10T15:53:54+00:00\" \/>\n<meta property=\"og:image\" content=\"https:\/\/www.space-2-work.de\/wp-content\/uploads\/2023\/12\/fotogenbydoris_5-scaled.jpg\" \/>\n\t<meta property=\"og:image:width\" content=\"2560\" \/>\n\t<meta property=\"og:image:height\" content=\"1762\" \/>\n\t<meta property=\"og:image:type\" content=\"image\/jpeg\" \/>\n<meta name=\"twitter:card\" content=\"summary_large_image\" \/>\n<meta name=\"twitter:label1\" content=\"Gesch\u00e4tzte Lesezeit\" \/>\n\t<meta name=\"twitter:data1\" content=\"2\u00a0Minuten\" \/>\n<script type=\"application\/ld+json\" class=\"yoast-schema-graph\">{\"@context\":\"https:\/\/schema.org\",\"@graph\":[{\"@type\":\"WebPage\",\"@id\":\"https:\/\/www.space-2-work.de\/?page_id=69\",\"url\":\"https:\/\/www.space-2-work.de\/?page_id=69\",\"name\":\"\u00dcber mich - Space2Work\",\"isPartOf\":{\"@id\":\"https:\/\/www.space-2-work.de\/#website\"},\"datePublished\":\"2023-12-21T17:50:44+00:00\",\"dateModified\":\"2024-05-10T15:53:54+00:00\",\"breadcrumb\":{\"@id\":\"https:\/\/www.space-2-work.de\/?page_id=69#breadcrumb\"},\"inLanguage\":\"de\",\"potentialAction\":[{\"@type\":\"ReadAction\",\"target\":[\"https:\/\/www.space-2-work.de\/?page_id=69\"]}]},{\"@type\":\"BreadcrumbList\",\"@id\":\"https:\/\/www.space-2-work.de\/?page_id=69#breadcrumb\",\"itemListElement\":[{\"@type\":\"ListItem\",\"position\":1,\"name\":\"Home\",\"item\":\"https:\/\/www.space-2-work.de\/\"},{\"@type\":\"ListItem\",\"position\":2,\"name\":\"\u00dcber mich\"}]},{\"@type\":\"WebSite\",\"@id\":\"https:\/\/www.space-2-work.de\/#website\",\"url\":\"https:\/\/www.space-2-work.de\/\",\"name\":\"Space2Work\",\"description\":\"coworking I events I networking\",\"potentialAction\":[{\"@type\":\"SearchAction\",\"target\":{\"@type\":\"EntryPoint\",\"urlTemplate\":\"https:\/\/www.space-2-work.de\/?s={search_term_string}\"},\"query-input\":\"required name=search_term_string\"}],\"inLanguage\":\"de\"}]}<\/script>\n<!-- \/ Yoast SEO plugin. -->","yoast_head_json":{"title":"\u00dcber mich - Space2Work","robots":{"index":"index","follow":"follow","max-snippet":"max-snippet:-1","max-image-preview":"max-image-preview:large","max-video-preview":"max-video-preview:-1"},"canonical":"https:\/\/www.space-2-work.de\/?page_id=69","og_locale":"de_DE","og_type":"article","og_title":"\u00dcber mich - Space2Work","og_description":"Ich bin Michaela Schunk, Tragwerksplanerin &#8211; dabei sorge ich daf\u00fcr, dass Geb\u00e4ude eine tragf\u00e4hige Struktur erhalten. Ich bin Impulscoach &#8211; dabei unterst\u00fctze ich Menschen wieder in ihre Energie und Balance zu finden. Und ich bin Inhaberin eines flexiblen Coworking-Space, und das kam so:Nach Jahren der Selbstst\u00e4ndigkeit im Home-Office wollte ich eine Ver\u00e4nderung, eine andere Art &hellip; \u201e\u00dcber mich\u201c weiterlesen","og_url":"https:\/\/www.space-2-work.de\/?page_id=69","og_site_name":"Space2Work","article_modified_time":"2024-05-10T15:53:54+00:00","og_image":[{"width":2560,"height":1762,"url":"https:\/\/www.space-2-work.de\/wp-content\/uploads\/2023\/12\/fotogenbydoris_5-scaled.jpg","type":"image\/jpeg"}],"twitter_card":"summary_large_image","twitter_misc":{"Gesch\u00e4tzte Lesezeit":"2\u00a0Minuten"},"schema":{"@context":"https:\/\/schema.org","@graph":[{"@type":"WebPage","@id":"https:\/\/www.space-2-work.de\/?page_id=69","url":"https:\/\/www.space-2-work.de\/?page_id=69","name":"\u00dcber mich - Space2Work","isPartOf":{"@id":"https:\/\/www.space-2-work.de\/#website"},"datePublished":"2023-12-21T17:50:44+00:00","dateModified":"2024-05-10T15:53:54+00:00","breadcrumb":{"@id":"https:\/\/www.space-2-work.de\/?page_id=69#breadcrumb"},"inLanguage":"de","potentialAction":[{"@type":"ReadAction","target":["https:\/\/www.space-2-work.de\/?page_id=69"]}]},{"@type":"BreadcrumbList","@id":"https:\/\/www.space-2-work.de\/?page_id=69#breadcrumb","itemListElement":[{"@type":"ListItem","position":1,"name":"Home","item":"https:\/\/www.space-2-work.de\/"},{"@type":"ListItem","position":2,"name":"\u00dcber mich"}]},{"@type":"WebSite","@id":"https:\/\/www.space-2-work.de\/#website","url":"https:\/\/www.space-2-work.de\/","name":"Space2Work","description":"coworking I events I networking","potentialAction":[{"@type":"SearchAction","target":{"@type":"EntryPoint","urlTemplate":"https:\/\/www.space-2-work.de\/?s={search_term_string}"},"query-input":"required name=search_term_string"}],"inLanguage":"de"}]}},"_links":{"self":[{"href":"https:\/\/www.space-2-work.de\/index.php?rest_route=\/wp\/v2\/pages\/69","targetHints":{"allow":["GET"]}}],"collection":[{"href":"https:\/\/www.space-2-work.de\/index.php?rest_route=\/wp\/v2\/pages"}],"about":[{"href":"https:\/\/www.space-2-work.de\/index.php?rest_route=\/wp\/v2\/types\/page"}],"author":[{"embeddable":true,"href":"https:\/\/www.space-2-work.de\/index.php?rest_route=\/wp\/v2\/users\/2"}],"replies":[{"embeddable":true,"href":"https:\/\/www.space-2-work.de\/index.php?rest_route=%2Fwp%2Fv2%2Fcomments&post=69"}],"version-history":[{"count":5,"href":"https:\/\/www.space-2-work.de\/index.php?rest_route=\/wp\/v2\/pages\/69\/revisions"}],"predecessor-version":[{"id":194,"href":"https:\/\/www.space-2-work.de\/index.php?rest_route=\/wp\/v2\/pages\/69\/revisions\/194"}],"wp:featuredmedia":[{"embeddable":true,"href":"https:\/\/www.space-2-work.de\/index.php?rest_route=\/wp\/v2\/media\/78"}],"wp:attachment":[{"href":"https:\/\/www.space-2-work.de\/index.php?rest_route=%2Fwp%2Fv2%2Fmedia&parent=69"}],"curies":[{"name":"wp","href":"https:\/\/api.w.org\/{rel}","templated":true}]}}